) = 139*r - 860. Let u(p) = -5*g(p) - 8*v(p). Calculate u(10).
-5
Let i(y) = 6*y**3 - 2*y**2 - 4*y - 1. Let j = -5994 + 5993. What is i(j)?
-5
Suppose -5*w + 10*w = -165. Let x = 38 + w. Let d(c) = 3*c - 3*c + 1 - x*c. Give d(-1).
6
Suppose 8*k - 5*k - 36 = -12. Let g(o) = o**3 - 9*o**2 + 7*o + 5. Give g(k).
-3
Let r(u) = -u**2 - 8*u + 4. Let p be (-2)/(-7) - ((-1640)/(-35))/(-4). Suppose -2*b + p = 3*c, -5*c + 2 = -4*b + 4. Suppose 0 = 3*h + c + 19. Give r(h).
11
Let q(y) = -37*y - 5. Let i be q(-1). Let r = i - 21. Let u(a) = a + 2*a**2 - 3 + 1 - 3*a**2 - r. What is u(0)?
-13
Let r(q) = 2*q**3 + 4*q + 2. Let w(d) = 5*d**3 + 11*d**2 + 41*d + 18. Let k(i) = -2*r(i) + w(i). Determine k(-6).
-4
Let i(n) = n**2 + 3*n - 2. Let w be i(-4). Suppose -141 = -3*c - 7*g + w*g, -5*c - 2*g = -216. Let k(x) = -18*x + c*x - 1 - 18*x. Calculate k(-1).
-7
Suppose -9*s = -14*s + 35. Suppose 2 + 19 = s*j. Let z(m) = j + 2*m**2 + 5*m**2 - 12*m**2 - 4*m + 3*m**2. Calculate z(2).
-13
Let b(o) = -134*o - 77. Let s be b(-6). Let z(h) = 735*h + 1 + 729*h - 2184*h + s*h. Suppose 4*n = -2*a + 10, 4*a = 5*n + 1 - 20. Give z(a).
-6
Let s(g) = -7*g + 25. Let i be s(3). Let b(w) = 8*w**3 - 5*w**2 + 17*w + 3. Let c(j) = 7*j**3 - 5*j**2 + 15*j + 2. Let v(x) = -6*b(x) + 7*c(x). What is v(i)?
-8
Let j(m) be the second derivative of -m**4/12 + 17*m**2/2 - 5*m. Let x(y) = y**3 - 2*y**2 - 3*y. Let g be (-8)/(-36) - 11/9. Let t be x(g). What is j(t)?
17
Let m be (1 + -4)*2/(-6). Let r be (4/11)/((-190)/(-1045)). Let v(u) = 1 + r*u**3 + u**3 - 77*u + 32*u + 44*u. Calculate v(m).
3
Suppose -3 = -3*w - n, 8*w - 10*w - 2*n = 2. Let x(m) = 13*m + 2. Let g be x(3). Let r(l) = l**3 + 100*l**w + 4*l + 0 - 7 - 52*l**2 - g*l**2. Give r(-6).
5
Let q(j) = j**2 + 7*j + 5. Let o be ((-63)/(-42))/((-3)/(-16)). Suppose -3 = -4*n + 3*n. Suppose -p + n = o. Calculate q(p).
-5
Let w(r) = -72*r**3 - 34*r**2 - 4*r - 58. Let z(h) = -115*h**3 - 51*h**2 - 6*h - 87. Let q(m) = -8*w(m) + 5*z(m). Calculate q(-17).
-5
Let h(j) = -8 - 7*j - 5*j - 16 + 19*j - 10*j. Determine h(14).
-66
Let l = 48 + -48. Suppose l = 3*f + w - 18, 5*w + 10 - 40 = -3*f. Let g(v) = v**2 - 6*v. Determine g(f).
-5
Let s(z) be the third derivative of -z**5/40 + z**4/4 + 74*z**3/3 - 217*z**2. Let f(r) be the first derivative of s(r). Calculate f(-9).
33
Let l(o) = 2*o**3 - 35*o**2 - 18*o + 7. Suppose 0 = -4*h + 20*t - 18*t + 62, h - 28 = -2*t. Calculate l(h).
7
Let h(z) = 19*z**2 - z + 72 - 78 - 9*z**2 - 11*z**2. Let f(l) = -l + 9. Let m be f(9). Determine h(m).
-6
Let u(l) = 6*l - 13. Suppose 70*o + 3*n = 72*o - 14, 2*o + 3*n = 2. Give u(o).
11
Suppose -3*k - s - 51 = 4*s, -k - 5*s = 27. Let z(g) = 13*g + 30 - 12 - 5*g**3 + 13*g**2 - 1 + 6*g**3. Determine z(k).
5
Suppose -3 - 15 = -s - 5*b, -5*b + 44 = 3*s. Suppose -4*d = -4*l - 12, 2*l - 186 = 5*d - 210. Let w(j) = -8 - j + d + s. Determine w(9).
2
Let u(o) be the first derivative of -1/4*o**4 + 6*o**2 - 7*o - 37 - 5/3*o**3. What is u(-7)?
7
Let k(b) be the second derivative of -b**4/12 + 5*b**3/2 - 6*b**2 + 1750*b. Determine k(10).
38
Let b(m) be the first derivative of m**5/20 + 7*m**4/12 + m**3 + 7*m**2/2 + 64*m - 196. Let x(z) be the first derivative of b(z). Calculate x(-6).
7
Suppose -4 = 2*k - 6*k - 2*o, -5*k + 35 = -5*o. Let l(q) = -q - 4. Let w(s) = 2. Let f(a) = -2*l(a) - 5*w(a). What is f(k)?
4
Let p(y) = 2*y**3 - 16*y**2 + 17*y - 27. Let h(c) = -c**2 + 175*c - 5099. Let n be h(37). Calculate p(n).
-6
Let o = -365 - -370. Let w = 3 + 1. Suppose 54 = -o*j - w*j. Let h(t) = t**3 + 6*t**2 - t - 6. Give h(j).
0
Let f = 42085 + -42086. Let y(z) be the second derivative of -z**3 - 3*z**2 - 3*z. Give y(f).
0
Let v(b) = -4*b**2 + 5*b**2 - 117 + b + 119. Suppose -41*h - 104 - 60 = 0. Calculate v(h).
14
Let x(d) = -d + 21*d + 16*d**2 + 12*d - 6*d + 57 - 15*d**2. Determine x(-23).
-12
Let v(n) = n**3 - 3*n**2 - 5*n + 6. Suppose -30*j + 29*j = -2. Suppose -34 = j*k - 42. Suppose 12*g - k = 44. What is v(g)?
2
Let q = 193 + -191. Let y(n) = -12 - 74*n + 82*n + q. Give y(3).
14
Let n = 312/61 - 1567/366. Let t(d) be the second derivative of 20*d - 7/6*d**3 + 0 - 1/20*d**5 + 6*d**2 - n*d**4. Calculate t(-9).
-6
Suppose -70*x - 536 + 72 = -12*x. Let v(u) = 0*u - 5 + u - 2*u. What is v(x)?
3
Let l(u) = u - 1. Let z(g) = -1. Let w(n) = l(n) + 2*z(n). Let x be 13200/1500 + (-4)/5. Give w(x).
5
Let x = 10 + -7. Let d(k) = -33*k + 9. Let a be d(x). Let t = a + 90. Let g(n) = n**3 - n**2 - n - 6. Calculate g(t).
-6
Let c be (192/96)/(2/(-6)). Let w(o) = 16*o + 99. What is w(c)?
3
Let j = 65 + -60. Suppose -8 = -4*i - 0*i - j*y, -2*i + y = -4. Let c(s) = -s**3 + 30*s**i - 6*s + 1 - 14*s**2 - 11*s**2. Give c(4).
-7
Let u(i) be the second derivative of 7*i**5/20 - i**4/12 - 2*i**3/3 - 2740*i. Calculate u(2).
44
Let w = 27 - 22. Suppose -3*h = -w*b + 6*b + 10, -4*b = -8. Let u(r) = 1719*r - 1718*r - 1 + 2. Calculate u(h).
-3
Suppose -22 = -c - c. Let r(v) = -15 + 0*v**3 - v**3 + 4*v - 6*v**2 + c. Let d = -2055 + 2048. Give r(d).
17
Let y(b) = -b**2 - 37*b - 305. Let h be y(-13). Let r(i) = 2*i - 18. Let c(z) = 2*z - 19. Let j(d) = 3*c(d) - 4*r(d). Determine j(h).
1
Let d(j) = -5*j - 9. Let g(m) = 12*m + 651. Let q be g(-53). Give d(q).
-84
Let z(q) = 4*q**3 - 264*q**2 - 288*q**2 - 8*q + 861*q**2 + 27 - 287*q**2. Determine z(-6).
3
Let m = -157 + 103. Let h = m + 61. Let b(g) = -g + 1. Let p(l) = 4*l - 9. Let w(z) = -6*b(z) - p(z). Determine w(h).
17
Suppose 3*k + 9*k = -72. Let j be 13/5 - (1 - 7/5). Let h(m) = -7*m**2 + 5*m**3 - 6*m**3 - 4*m + j - 10. What is h(k)?
-19
Let w = 14 + -23. Let g(s) = -s - 27*s - 6 + 4*s - s**2 + 15*s. Determine g(w).
-6
Let f(i) = i**3 - 11*i**2 - 26*i + 12. Let x(q) = q**2 - 29*q - 119. Let j be x(33). What is f(j)?
12
Let a be (-132)/(-48) - 1/(-4). Let s(p) = 2*p - 22*p**3 - 2 + 23*p**a + 4*p - 6*p**2. Suppose -2*m + 20 = 4*u, m - 2*m + 15 = 3*u. Calculate s(u).
3
Let s be 4 + -1 + 35/(-21) + (-42)/(-9). Let v(t) = 5*t - 24. Calculate v(s).
6
Let p be 0 + (1 - 3)/(-1). Suppose -10 = p*u - 14. Let w be (u/(-6))/((-2)/(-18)). Let a(n) = -n**3 - 5*n**2 - 3*n + 3. What is a(w)?
-6
Let n(k) = -k**3 + 41*k**2 - 410*k + 308. Let h be n(15). Let m(x) = -2*x + 12. Let c(a) = -2*a + 12. Let g(s) = 3*c(s) - 2*m(s). What is g(h)?
-4
Suppose x - d - 17 = 0, 2*d - 13 - 31 = -4*x. Let w(k) = -2*k. Determine w(x).
-26
Suppose c + 4*z - 13 = 0, 3*c + 0*z = 3*z - 6. Let o(i) = 2*i**3 + 2*i**2 + i - 2. Let l be o(c). Let s(k) = k**2 - 4*k. Give s(l).
-3
Suppose 45 = 83*y + 24 - 145. Let t(d) be the third derivative of -1/12*d**4 + 0*d + 0 + 18*d**y - 1/2*d**3. What is t(-5)?
7
Let o(r) = r + 0 - 2*r - 2*r - 9 - 29. Give o(-10).
-8
Let d = -6460 + 6459. Let f(k) = -10*k + 6. Let l(y) = -9*y + 5. Let j(r) = -5*f(r) + 6*l(r). Calculate j(d).
4
Let n(b) = -b**2 + 4*b + 12. Let j = -286 + 280. Determine n(j).
-48
Suppose 43*s - 39*s = 4*w - 20, s - 3 = 3*w. Let t(d) = 2*d + 4. Let o(r) = 4*r + 7. Let p(u) = 3*o(u) - 5*t(u). Calculate p(w).
-7
Suppose 2*u - 2*w = 4, -4*w + w + 24 = 2*u. Let m(t) = -7*t + 10. Let q be m(u). Let d be q/(-8)*6/(-8). Let s(a) = a**2 + a. Determine s(d).
6
Let u(d) = -3 + 0 + 4 + 0 - 3 - 9*d. Give u(-1).
7
Let s(n) = -2*n - 188. Let m be s(19). Let b = m - -231. Let x(i) = i**2 - 7*i + 2. Calculate x(b).
-8
Suppose 161 = 17*m + 59. Let b(c) = -c**3 - 8*c**2 - 7*c + 3. Let l be b(-7). Let k(p) = 6*p**2 + 150 - p**l - 150. Calculate k(m).
0
Suppose 0*i = i. Let u(t) be the third derivative of 15*t**2 + 7/6*t**3 + 0*t - 1/60*t**5 + 0 + 1/24*t**4. What is u(i)?
7
Let n(y) be the second derivative of y**5/20 - y**4/4 - 3*y**3/2 + 2*y**2 + 1067*y. Calculate n(4).
-16
Let t(c) be the second derivative of 13*c**3/6 + 15*c**2/2 + 150*c - 1. Determine t(-6).
-63
Let y(k) = k**3 + 3*k**2 - 2*k + 2. Let b be 3 + 0 - (68/(-4) + 23). What is y(b)?
8
Let f be 24/(8 - 2 - 4). Suppose f = -27*o + 33*o. Let h(t) = -4*t + 5 - 5*t - t**o - 7 + 5. What is h(-10)?
-7
Let q be 5 + -1 + (1 - 0). Let z = -460 - -555. Let s(m) = -52 + m**2 - 46 + z - 2*m. Give s(q).
12
Let o(u) = u**2 - 10*u - 64. Suppose 54 = 3*k + 5*p, 5*p + 26 = -4*k + 98. Determine o(k).
80
Let x(i) = 5*i - 10. Let s be x(-14). Let q = -75 - s. Let t be (14/q)/((-8)/20). Let m(f) = f**2 + 8*f + 5. Determine m